(s) = -s**2 - 5*s - 1. Let k be l(g). Let q(x) = x**2 - 5*x + 7. Give q(k).
7
Suppose 2 = -2*h + 8. Let y(m) = -3 - m - 3 + 4 + h - 6*m**3. Give y(1).
-6
Let w(h) be the third derivative of h**4/2 - h**3/2 - 6*h**2 - 5. Give w(2).
21
Let v(q) be the first derivative of q**5/60 - q**4/8 - q**3/3 + 11*q**2/2 + 10. Let i(p) be the second derivative of v(p). Give i(5).
8
Suppose -7*r + 3*r + 20 = -o, 4*r = 2*o + 20. Let q(u) = u**3 - 6*u**2 + 4*u + 4. Calculate q(r).
-1
Let o(j) = -j. Let g(i) = -8 - 6 + i + 10. Let m(f) = -g(f) - 4*o(f). What is m(-3)?
-5
Suppose -5*a - 4*i = -61, 0 = 4*a + i - 40 - 0. Let k(l) = -l**2 + 10*l - 11. Determine k(a).
-2
Let r(f) = f**2 - f - 10. Suppose -4*j = -j. Suppose 6*s = -2*s. Let c = j + s. Give r(c).
-10
Let r(q) = 5*q**2 - 3*q - 1. Let x(t) = -5*t**2 + 4*t + 1. Let z be 4/(-6) - 112/21. Let a be -3 + z*2/4. Let c(o) = a*r(o) - 5*x(o). What is c(1)?
-6
Suppose -a - 2 = -c - 4, -5*c = -3*a. Let f(y) = -y - 6. Let j(l) = -2*l - 7. Let i(w) = c*j(w) - 4*f(w). Calculate i(-6).
15
Let s be (1 + 0)*(5 - 2). Suppose -s = l - 5. Suppose 0*f = -l*f + 2. Let a(p) = -7*p**2 - p. Give a(f).
-8
Let l(y) = y. Suppose 5*z - 40 = -0*k + 2*k, -2*z - 60 = 3*k. Suppose 3*i + 2*h + 50 - 12 = 0, -i - 24 = -5*h. Let m = k - i. Give l(m).
-6
Let v(r) be the second derivative of -r**6/120 - r**5/10 - 5*r**4/24 - 2*r**3/3 - 11*r**2/2 + r. Let l(m) be the first derivative of v(m). Determine l(-5).
-4
Suppose 0 = -5*w - 25, -4*d + 0*d = -5*w - 21. Let i = 21 - d. Let y = i - 17. Let n(z) = z**2 - 3*z - 2. What is n(y)?
8
Let t(v) = -242*v - 2*v**2 + 246*v + 0 + 6. What is t(5)?
-24
Let d(h) = -3*h**2 - 13*h + 12. Let f(u) = 2*u**2 + 9*u - 8. Let j(y) = 5*d(y) + 7*f(y). Calculate j(4).
-20
Let n(b) = -b**2 + 5*b + 5. Let i(q) = -q - 6. Suppose 3*y + 0*y = 9. Let g be -14 - 3*(-4 + y). Let k be i(g). Give n(k).
5
Let a(w) = w + 4. Suppose 0 = r - n + 2, 2*n - 8 = -r - 2*n. Suppose r = 4*o + 5*c - 2*c + 6, -2*o - 5*c + 4 = 0. Give a(o).
1
Suppose 4*p - 5*p = -2, 4*d = 3*p + 30. Let x(w) = -w**3 + 9*w**2 - w + 1. Give x(d).
-8
Let i(c) = 7 + 0*c**2 - 2*c**2 - 5 + 3*c + 3*c**2. Suppose 8*h + 2 = 2. Suppose h = 2*p - 3*p + 5*f - 10, -p = -3*f + 8. Determine i(p).
12
Let g = 83 + -82. Let s(t) = -6*t**3 + t**2 + 3*t - 3. Let x(j) = 6*j**3 - j**2 - 4*j + 4. Let a(q) = -5*s(q) - 4*x(q). Give a(g).
5
Suppose -9*x - x = -3*x. Let j(l) = -l**3 - 136*l + 5 + 142*l + 5*l**2 + x*l**3. What is j(6)?
5
Let n(h) = 4*h - 2*h - 1 - 4*h + 9*h**2. Suppose 217*s + 58 = -159. Give n(s).
10
Let f(u) = u**2 - 7*u + 9. Let r be f(6). Let z(q) = -q**3 + 0*q**3 + 7 - r + 5*q + 5*q**2 - q**2. Suppose h + 13 + 7 = 5*i, 5*i + 4*h - 45 = 0. Calculate z(i).
4
Let r = 22 + -103. Let x = r + 76. Let q(h) = -h**2 - 4*h + 3. Determine q(x).
-2
Let p(t) be the second derivative of t**8/6720 + t**7/1260 - t**6/240 - t**5/40 + 7*t**4/12 - 4*t. Let q(n) be the third derivative of p(n). Calculate q(-2).
3
Let f be (-4)/(-10) + 46/10. Suppose 0 = -5*p + 38 + 82. Suppose -i + q - 3 = -2*i, -f*q = -4*i - p. Let u(l) = 2*l - 1. Calculate u(i).
-3
Let b = 960 - 962. Let h(n) = 4*n + 4*n**2 - n**2 + 2 + 1. Give h(b).
7
Let q(m) = 0 + 3 - m**3 + 0 + 3*m**2 + m**2 + 5*m. Let n be q(5). Let f(l) = 3*l**3 + 0*l**2 - 5*l**2 - 3*l - 4*l**n + 2. What is f(-3)?
-7
Let j(f) = -f**3 + f**2 + 11*f + 3. Let r be j(-3). Let t(n) = n**2 - 6*n. What is t(r)?
0
Let h(u) be the first derivative of 3*u**4 + 2*u**3/3 + u**2/2 + 5. Suppose -30 = 8*q - 11*q. Let g be (0 - -1)/((-10)/q). What is h(g)?
-11
Let t(b) = b**3 - 6*b**2 - 2*b + 5. Let p(s) = 2*s**3 - 34*s**2 + 10*s - 164. Let y be p(17). Determine t(y).
-7
Let r(f) = 0*f**2 - 11*f + f**2 + 2*f - 3 + 3*f. Suppose 0 = -3*y + 37 - 16. Calculate r(y).
4
Suppose -3*g - 2*f = 17, g = f - 3*f - 11. Let d be (4/g)/((-30)/135). Let r(c) = -c + 3. What is r(d)?
-3
Let s be (1/(-1) + 0)*-3. Suppose -s = -3*a - 18. Let q(i) be the first derivative of -i**3/3 - 2*i**2 - 6*i - 3. Give q(a).
-11
Suppose -6*i = -13*i + 35. Let v(z) = z**3 - 4*z**2 - 5*z + 4. What is v(i)?
4
Let c(y) = y**3 + 11*y**2 + 10*y - 4. Let o(j) = 2*j**2 + 28*j + 86. Let b be o(-8). Give c(b).
-4
Let x(d) = d**3 - d**2 - 2*d + 2. Let i = -87 + 92. Let u(r) = r**3 - r**2 - 2*r + 2. Let s(h) = i*x(h) - 4*u(h). Give s(2).
2
Suppose -8*u - 16 = -0*u. Let j(n) be the second derivative of -n**4/6 + n**2 - n. Let z be j(u). Let o(w) = -w**2 - 5*w + 8. Calculate o(z).
2
Let t(x) = x**2 + 13*x + 2. Suppose 0 = -19*n - 10*n - 319. Calculate t(n).
-20
Let g = -27 - -35. Let y(f) = 2*f**2 - 16*f + 3. Let o be y(g). Let h(q) = -5*q - 20. Let l(c) = -2*c - 7. Let r(u) = 6*h(u) - 17*l(u). Determine r(o).
11
Let i(s) = 22*s + 32*s - 50*s + s**3 + 3 - 6*s**2. Determine i(5).
-2
Let z(w) be the first derivative of 7*w**4/4 - 5*w**3/3 - 3*w**2 + 2*w + 3. Let j(d) = d**3 - d + 1. Let r(f) = 6*j(f) - z(f). Let v = 11 + -6. Determine r(v).
4
Let l(x) be the second derivative of -x**5/60 + x**4/12 + 7*x**3/2 + 17*x. Let p(g) be the second derivative of l(g). Determine p(5).
-8
Let a(g) = g**2 - 22*g + 57. Let t be a(19). Suppose 0 = -t*y + 6*y - 18. Let l(b) be the third derivative of b**5/30 - b**4/6 + b**3/3 + b**2. Give l(y).
8
Let l(o) = 5*o - 1. Let r(u) = -u**2 + 7*u. Let f(k) = 2*l(k) - r(k). Calculate f(-3).
-2
Suppose -5*d = 4*n - 1, 2*d = 3*d - 5*n + 23. Let b(i) = -3 + 5*i**3 - 5*i**2 - 2*i - 6*i**3 + 0*i**2. What is b(d)?
-15
Let y(d) be the first derivative of d**3/3 - 5*d**2 + 2*d - 131. Give y(9).
-7
Let a(h) = 4*h**3 - 11*h**2 - 2*h**3 + 21 - 32 + 12 - 7*h. Calculate a(6).
-5
Let d be ((-30)/(-40))/(2 + (-14)/8). Suppose d*q = 3*m + 2 + 16, 0 = 5*m + 5*q. Let i(j) = j**3 - 3*j + 1. Determine i(m).
-17
Let q(b) = 1359*b**2 - 1358*b**2 + 5*b**3 + 1 - 2 - b. Calculate q(-2).
-35
Let u(n) be the third derivative of n**6/120 + n**5/10 - 5*n**4/24 + 5*n**3/3 - 4*n**2. Let m = -6 - 1. Determine u(m).
-4
Let z(y) be the third derivative of -y**5/60 - y**4/24 - y**3/2 + 4*y**2. Let w be 16/(-88) + 2*2/22. Determine z(w).
-3
Let i(k) = k**3 - 9*k**2 + 9*k - 4. Let s be (-32)/(-40) + (-216)/(-30). Give i(s).
4
Suppose n - 34 = 4*n + 4*d, 0 = -4*d - 16. Let b(j) = 7*j**3 - 7*j**2 - 11*j + 3. Let h(z) = -9*z**3 + 7*z**2 + 12*z - 3. Let c(a) = 5*b(a) + 4*h(a). Give c(n).
9
Suppose 4*p = -2*k - 4, 4*p - 7 = -4*k - 11. Let l(u) = -u**3 + u - 15. Calculate l(k).
-15
Let o(v) = 5*v**2 + v + 3*v - 6*v + 5*v**2 + 1. Give o(1).
9
Let f(t) be the third derivative of t**6/120 - t**5/12 - t**4/6 + t**3/2 + 5*t**2 - 2*t. Determine f(5).
-17
Let z(f) = f**3 - 9*f**2 + 10*f - 9. Let n(d) be the first derivative of -d**3/3 - 3*d**2 - 2*d - 9. Let u be n(-5). Suppose 15 = u*b - 9. Calculate z(b).
7
Let b(w) be the first derivative of 7*w**4/4 - 2*w**3/3 - w**2/2 + 2*w + 63. Give b(1).
6
Let t(p) = -p + 1. Suppose -4*h - h + 3*g + 17 = 0, 2*h - 2*g - 6 = 0. Let z be -1*(-16)/(h - 0). Calculate t(z).
-3
Suppose 2*f - 14 - 7 = -3*b, -5*b = -2*f - 3. Suppose f*g = 3*g - 21. Let w(s) = 2*s. What is w(g)?
-14
Let z(r) = r**3 + 5*r**2 + 6*r + 10. Let c be z(-4). Let w be (10/10)/((1 - c)/1). Let a(s) = 3*s - 1. Determine a(w).
-4
Let r(h) = 4*h**2 - 5*h + 3. Let w(a) = 2 - 5*a**2 - 2*a**2 + 9*a**2 - 3*a. Let q be (2*-3)/(2*-1). Let g(k) = q*r(k) - 5*w(k). Calculate g(1).
1
Suppose b = -3*s + 1 + 3, -4*s = 3*b + 3. Let t(g) be the first derivative of -1 - 3*g - 4*g**2 - 1/3*g**s. Calculate t(-5).
12
Suppose 3*k = x - 13, -4*x + 4*k + 8 = 3*k. Let j be ((-30)/25)/(x/(-5)). Let g(i) be the first derivative of -i**3/3 + 5*i**2/2 + 3*i - 25. Give g(j).
-3
Let o = 2165 + -2163. Let h(k) be the third derivative of 0 + 0*k + 3*k**o - 1/8*k**4 + 5/6*k**3. What is h(4)?
-7
Let y(f) be the second derivative of 0 + 1/12*f**4 + 7/2*f**2 - 7/6*f**3 - 36*f. Let k be ((-4)/(-6))/((-3)/(-27)). What is y(k)?
1
Let k(v) = -5*v**3 - 2*v**2 + 7*v + 1. Let y(s) = 11*s**3 + 5*s**2 - 15*s - 2. Let b(i) = 13*k(i) + 6*y(i). Determine b(-4).
-3
Let i(k) = k**3 - 2*k**2 + k - 1. Let p(q) = -2*q**2 + 19*q - 19. Let b be p(8). Suppose b*v + 0 = -4*o + 1, -2*v = -o - 3. Give i(v).
-1
Suppose 4*u = -2 + 10. Suppose 2*r = -u*r + 16. Let b(q) be the first derivative of q**2/2 - 284. Give b(r).
4
Let a(g) be the first derivative of -g**3/3 - 5*g**2/2 - g +